- u - 75. Calculate the highest common factor of 15 and w.
15
Let k(p) = 6*p + 150. Let y be k(63). What is the highest common factor of 32 and y?
16
Let s(p) = 70*p + 1470. Let o be s(-17). Suppose i - 2*i - l + 33 = 0, 5*i - 2*l - 130 = 0. Calculate the highest common factor of o and i.
28
Suppose -5*d = 2*r - 30, 2 - 7 = 3*r - 5*d. Let f = -4 + 11. Let n be (-2)/7 + 37/f. Calculate the greatest common divisor of n and r.
5
Let p be ((-2)/4 + 0)*-8. Suppose p*g + 184 = 4*q, g - 179 = -2*q - 2*q. Calculate the greatest common divisor of 5 and q.
5
Let b(k) = 4 + k**2 + k**2 + 4*k + 4. Suppose -8*s + 4*s = -24. Let m be b(s). What is the highest common divisor of m and 26?
26
Suppose 0*i + 2*x - 533 = -5*i, 408 = 4*i - 3*x. Calculate the greatest common divisor of 35 and i.
35
Suppose 4*j = 5*l, -30 = -0*j - 2*j - 5*l. Suppose -p = -57 + 2. What is the greatest common divisor of j and p?
5
Let k be (470/6)/((-6)/(-18)). Let g = -4 + 51. What is the highest common divisor of g and k?
47
Suppose 4*m - 6675 = 493. Let v be (9/2)/(12/m). Suppose v = 4*n - 0*n. Calculate the greatest common factor of 24 and n.
24
Suppose 0 = -o + 5*o - 120. Let a be -4*12/(-128)*-12*-10. Calculate the highest common factor of o and a.
15
Let m(r) = -2*r + 19. Let o be m(-6). Let y = o + -30. Calculate the greatest common factor of 4 and y.
1
Let v = -99 - -117. What is the greatest common divisor of 225 and v?
9
Let m be (1/2)/((-10)/60). Let d be 1 + m + 6 - 1. Suppose d*z = 37 + 29. What is the greatest common factor of 154 and z?
22
Suppose -66 = -3*l + z, -5*z - 80 = -4*l - z. Let g = l - -7. What is the highest common divisor of g and 90?
30
Let c be (-3)/15 + 1442/10. What is the greatest common factor of c and 96?
48
Let s = 4 - -16. Suppose 0 = 5*o - 50 + s. Calculate the greatest common factor of o and 54.
6
Suppose -29*r - 1773 + 5224 = 0. What is the highest common factor of 170 and r?
17
Let c = 72 + -24. Let p(m) = -139*m - 599. Let v be p(-5). Calculate the greatest common factor of c and v.
48
Let m be (-56)/(-10) - 16/(-40). Let f(n) = n**3 - 6*n**2 + 9*n - 4. Let g be f(m). What is the highest common factor of g and 25?
25
Let m(g) = -g**3 + 8*g**2 + 2*g. Let k be m(8). Suppose -w - l + 175 = 0, -6*l + 9*l = -2*w + 349. What is the highest common divisor of k and w?
16
Suppose u - 6 = -1. Let m = 144 + -109. Calculate the greatest common factor of u and m.
5
Suppose -64 = -4*h - 20. Let c = 16 - h. Let l be (c/(-2))/((-2)/28). What is the highest common factor of 5 and l?
5
Let m = 195 - 150. Calculate the highest common divisor of m and 27.
9
Suppose -4*s - 114 - 26 = -a, -3*a = -2*s - 430. Calculate the greatest common factor of 18 and a.
18
Let l be (1 + 0)/1*6. Let r(j) = 4*j**3 + 2*j - 3. Let a be r(1). What is the highest common factor of a and l?
3
Let y(f) = 2*f**3 - 14*f**2 + 15*f - 59. Let z be y(9). Calculate the highest common divisor of 30 and z.
10
Let k(j) = -9*j - 40. Let n be 28/(-3) - (-22)/(-33). Let c be k(n). Let l be (19/4 - 1)*20. What is the highest common factor of l and c?
25
Let l(i) = 3*i**2 + 17*i + 41. Let r be l(-3). Calculate the highest common factor of 527 and r.
17
Let p(f) = 32*f - 112. Let y be p(6). What is the highest common divisor of y and 48?
16
Suppose -2*n + 10 = t + 2, -5*n + 15 = 0. Suppose k + 8 = t*c, -4 = 2*k + 3*k - c. Suppose -9 = -p - k. What is the highest common factor of 3 and p?
3
Suppose 5*v + 2*y - 21 = 0, 3*v = 4*y - 1 - 2. Suppose 4*q - 10 = -3*d, v*d - 5 + 3 = 4*q. Calculate the greatest common factor of d and 18.
2
Let q = 122 - 214. Let p be 3/(-1) - (q - -1). Let f be ((-7)/21*8)/(2/(-6)). Calculate the highest common divisor of f and p.
8
Let l(k) = -k - 5. Let s be l(-7). Let y be 4 + s + -4 + 0. Suppose 2*i - 56 = 3*n, 0 = -2*i - y*n - 0*n + 36. Calculate the highest common divisor of i and 44.
22
Suppose 31*j - 26*j - 30 = 0. Suppose -3*p + j*p = 81. What is the highest common divisor of p and 9?
9
Let n(y) = -15*y - 9. Let u be n(-3). Let h = -16 - -52. Calculate the highest common divisor of h and u.
36
Let o = -80 - -101. Calculate the highest common factor of 252 and o.
21
Suppose p = 35 + 7. Suppose -2*l - 3*c + 55 = -p, 4*c + 20 = 0. Suppose 0 = 3*t - 6, 2*n = n - 4*t + l. Calculate the greatest common divisor of n and 72.
24
Let m be 86/(-8) - (-3)/(-12). Let q = 10 + m. Let g be 65 - ((-2)/1)/q. Calculate the highest common factor of g and 42.
21
Let j(o) = o**2 - 7. Let b be j(6). Let z = b + -30. Let h be z - (-26)/2 - 2. What is the greatest common divisor of h and 25?
5
Let w be (5/7 - -1)/(3/609). What is the highest common divisor of 12 and w?
12
Let s(w) = -w**2 - 12*w - 13. Let a be -16*(-2)/(-12)*3. Let g be s(a). Calculate the highest common divisor of g and 57.
19
Suppose a - 1 = 0, 3*u + a + 35 = 7*u. Let z be 2/(-8) - (-506)/8. Suppose 3*d + 9 = z. Calculate the greatest common divisor of d and u.
9
Suppose 3*r - 10*i - 1968 = -6*i, 0 = 2*i - 6. What is the greatest common divisor of 44 and r?
44
Let n(f) = 65*f**2 + 2*f. Let b be n(-1). Suppose -b = a - 2*a. Calculate the highest common divisor of a and 42.
21
Let f(m) = m**3 - 3*m**2 + 4*m - 6. Let p be f(6). Calculate the greatest common factor of p and 7.
7
Let m(l) = 25*l**2 + 4*l + 3. Let r be 8/(0 - -2) - 6. Let a be m(r). What is the highest common divisor of a and 19?
19
Let y = -298 - -304. Calculate the greatest common factor of 486 and y.
6
Let a be (3 + -2 - -124) + 5. Suppose 2*h + 10*v - 5*v = 67, h - 3*v = 17. Calculate the highest common divisor of a and h.
26
Let q = -21 + 26. Suppose q*z - 66 = 4*h, 3*h = -0*h + 3. Calculate the highest common factor of z and 98.
14
Let h be -3 + (-4 - (-85)/5). Suppose -2*i + c = -31, i + 5*c = -0*c - 12. Let v = i - 3. What is the greatest common divisor of v and h?
10
Suppose -i + r + 14 = 5*r, 142 = 5*i + 2*r. Let s(g) = -7*g - 2. Let z = 5 - 7. Let d be s(z). What is the greatest common factor of d and i?
6
Let u(z) = -z**3 - 15*z**2 + 9*z - 21. Let o be u(-16). Calculate the highest common divisor of o and 2912.
91
Let y = 5358 + -5331. Suppose -3*a = 4*s - 93, a + a - 57 = -s. Calculate the highest common divisor of a and y.
27
Suppose -11*w + 90 + 42 = 0. What is the highest common divisor of w and 36?
12
Suppose 0 = -v + 14 + 26. Let x = -9 - -17. Suppose 5*b + x = 33. Calculate the greatest common factor of v and b.
5
Suppose -2*f - 51*l + 50*l + 35 = 0, f - 5*l = 45. Suppose -i - 5*t = -4*t - 80, 0 = 4*t. Calculate the highest common factor of i and f.
20
Let q(v) = -v**2 - 9*v + 5. Let t be q(-8). Let a be 3 - 5/(10/162). Let k be 4/(-1*3/a). Calculate the greatest common divisor of t and k.
13
Suppose z = -40 + 62. Let w be (-6)/(-4)*132/9. Calculate the highest common factor of w and z.
22
Suppose -t - 686 = -l, -2*l - 17*t + 1344 = -12*t. Calculate the greatest common factor of 22 and l.
22
Suppose h + 5*h = 270. Suppose 6*d - 148 = 2*d. Let g = -19 + d. What is the greatest common factor of h and g?
9
Suppose 4*u - u = 0. Suppose -3*j + 8 - 20 = u. Let y = 6 + j. Calculate the greatest common factor of y and 3.
1
Suppose 15*r - 36*r = -1722. Calculate the highest common divisor of r and 82.
82
Let l(q) = 4*q**2 - 56*q + 72. Let j be l(14). What is the greatest common factor of 99 and j?
9
Let w = 334 - 199. What is the highest common divisor of w and 60?
15
Suppose 5231 = 7*s - 2469. What is the highest common factor of s and 150?
50
Let s be (3 + -4 + 2)*(-110)/(-10). Let a = -5 + 10. Suppose 2*o = -a*q + 493, -2*q - 5*o = -q - 94. What is the greatest common divisor of s and q?
11
Suppose -18 = 4*c + 2*s - 182, c = -2*s + 35. Suppose -5*h = -2*j + c, -5*j = -2*h - 84 - 55. Calculate the greatest common divisor of 232 and j.
29
Suppose 3*c - 24 = -0. Suppose -9*l - 27*l + 454 = -410. Calculate the greatest common factor of c and l.
8
Suppose -3*n + 111 = 3*g, 1 = -2*n - g + 78. Calculate the greatest common divisor of 24 and n.
8
Let d = -22 - -6. Let x = -41 + 20. Let r be (d/(-4))/(-4) - x. Calculate the greatest common factor of r and 50.
10
Let y = 1 - -17. Let l be (-228)/8*(-24)/y. Calculate the greatest common factor of 76 and l.
38
Let y be (-1)/(-4)*1*(-12)/(-3). Let h be ((y/(-2))/(-1))/((-6)/(-372)). What is the greatest commo